ultiple of 74?
True
Does 284 divide 2819268?
True
Is 78 a factor of 44928?
True
Is 13 a factor of 331396?
True
Is 7672 a multiple of 48?
False
Is 3311289 a multiple of 6?
False
Does 62 divide 116982?
False
Is 161608 a multiple of 8?
True
Is 40 a factor of 81683?
False
Is 152768 a multiple of 56?
True
Is 80 a factor of 507066?
False
Is 816649 a multiple of 18?
False
Is 73084 a multiple of 9?
False
Does 91 divide 2128585?
False
Does 34 divide 470594?
True
Does 102 divide 56202?
True
Is 3426966 a multiple of 10?
False
Is 9 a factor of 58743?
True
Is 35 a factor of 1705095?
True
Is 410369 a multiple of 789?
False
Does 14 divide 515663?
False
Is 3148905 a multiple of 5?
True
Is 164 a factor of 712979?
False
Is 29281 a multiple of 329?
True
Is 109 a factor of 5774611?
False
Is 16995 a multiple of 11?
True
Is 73 a factor of 57043?
False
Is 228664 a multiple of 404?
True
Is 65 a factor of 135130?
False
Does 4 divide 144607?
False
Is 321 a factor of 1504206?
True
Is 61465 a multiple of 19?
True
Does 84 divide 1135015?
False
Is 114 a factor of 548867?
False
Is 1460981 a multiple of 20?
False
Is 114876 a multiple of 848?
False
Is 2357964 a multiple of 103?
False
Is 30 a factor of 2159550?
True
Does 12 divide 44988?
True
Does 96 divide 417120?
True
Is 60 a factor of 3383700?
True
Is 34 a factor of 89454?
True
Is 11 a factor of 1434543?
True
Does 32 divide 16352448?
True
Is 1159 a factor of 28051089?
False
Is 120691 a multiple of 236?
False
Does 150 divide 8447186?
False
Does 17 divide 193975?
False
Is 2959950 a multiple of 105?
True
Does 262 divide 1652172?
True
Is 10747 a multiple of 3?
False
Is 117617 a multiple of 344?
False
Is 135072 a multiple of 72?
True
Is 178 a factor of 403170?
True
Does 1402 divide 4620409?
False
Is 22 a factor of 271855?
False
Does 759 divide 509852?
False
Does 234 divide 4097387?
False
Is 19536 a multiple of 66?
True
Does 47 divide 104951?
True
Is 39 a factor of 721188?
True
Is 3 a factor of 72114?
True
Is 5358819 a multiple of 13?
False
Is 488097 a multiple of 608?
False
Is 12988773 a multiple of 274?
False
Is 15582151 a multiple of 15?
False
Does 3 divide 3479476?
False
Is 72 a factor of 52709?
False
Does 270 divide 10203840?
True
Is 103 a factor of 344947?
True
Does 2 divide 3265530?
True
Does 121 divide 304799?
True
Is 210180 a multiple of 49?
False
Is 13495 a multiple of 5?
True
Is 1269696 a multiple of 778?
True
Is 67963 a multiple of 89?
False
Is 454790 a multiple of 70?
True
Does 8 divide 45968?
True
Is 6 a factor of 8632?
False
Is 573 a factor of 2661012?
True
Does 8 divide 2742168?
True
Does 12 divide 685380?
True
Is 71262 a multiple of 74?
True
Is 3822 a multiple of 26?
True
Is 6150409 a multiple of 384?
False
Is 2467300 a multiple of 110?
True
Does 10 divide 9026750?
True
Does 6 divide 1797164?
False
Is 35386 a multiple of 13?
True
Is 2418830 a multiple of 11?
False
Is 758 a factor of 461712?
False
Is 134 a factor of 638242?
True
Is 179 a factor of 323631?
False
Does 78 divide 3072556?
False
Is 6581259 a multiple of 4?
False
Is 7 a factor of 795950?
False
Is 11 a factor of 10004907?
True
Is 986 a factor of 2662200?
True
Is 273097 a multiple of 121?
True
Is 219402 a multiple of 74?
False
Does 32 divide 2294787?
False
Is 17 a factor of 17000?
True
Is 52 a factor of 20176?
True
Is 1668132 a multiple of 18?
True
Does 21 divide 10025781?
False
Is 4801 a multiple of 5?
False
Is 1174349 a multiple of 71?
False
Is 307 a factor of 6834741?
True
Does 36 divide 6755924?
False
Is 36 a factor of 36192?
False
Is 167548 a multiple of 215?
False
Is 218764 a multiple of 59?
False
Does 1163 divide 3028971?
False
Does 209 divide 48279?
True
Is 73 a factor of 375988?
False
Does 4 divide 207456?
True
Is 616000 a multiple of 280?
True
Is 1302928 a multiple of 242?
True
Is 15 a factor of 2148900?
True
Is 406 a factor of 509936?
True
Is 308381 a multiple of 10?
False
Does 18 divide 2593259?
False
Is 123883 a multiple of 143?
False
Does 8 divide 113814?
False
Is 103 a factor of 1837520?
True
Does 21 divide 19881855?
True
Does 456 divide 817152?
True
Is 49 a factor of 2616104?
False
Does 340 divide 1038360?
True
Is 61224 a multiple of 12?
True
Is 42 a factor of 135156?
True
Is 241 a factor of 2498803?
False
Is 2322368 a multiple of 64?
True
Is 208 a factor of 243776?
True
Is 1568142 a multiple of 9?
True
Does 30 divide 811545?
False
Does 874 divide 692208?
True
Is 25 a factor of 600525?
True
Is 86 a factor of 156778?
True
Is 33354 a multiple of 34?
True
Does 9 divide 1385865?
True
Does 13 divide 12247326?
True
Is 133411 a multiple of 48?
False
Is 70 a factor of 1487010?
True
Is 42247 a multiple of 16?
False
Does 88 divide 29480?
True
Is 550113 a multiple of 124?
False
Does 19 divide 6482938?
False
Does 18 divide 526598?
False
Does 56 divide 48440?
True
Does 395 divide 2602655?
True
Is 440059 a multiple of 13?
False
Is 3497464 a multiple of 4?
True
Does 295 divide 153105?
True
Is 23 a factor of 109204?
True
Is 9 a factor of 8460?
True
Is 202 a factor of 378750?
True
Is 62 a factor of 1165056?
False
Is 468 a factor of 10430?
False
Is 332 a factor of 375492?
True
Does 40 divide 51400?
True
Does 15 divide 11613532?
False
Is 2090928 a multiple of 147?
True
Is 99 a factor of 3336143?
False
Does 112 divide 9184?
True
Does 78 divide 236044?
False
Is 48491 a multiple of 7?
False
Does 402 divide 111839?
False
Does 612 divide 1302336?
True
Is 166896 a multiple of 61?
True
Is 4602732 a multiple of 636?
True
Is 186585 a multiple of 15?
True
Is 20 a factor of 16517740?
True
Is 2533 a multiple of 18?
False
Does 519 divide 828682?
False
Is 109 a factor of 436327?
True
Is 27 a factor of 1880?
False
Does 17 divide 4523921?
True
Does 368 divide 541328?
True
Is 10864 a multiple of 11?
False
Does 16 divide 3053184?
True
Does 7 divide 1103830?
True
Is 11957346 a multiple of 30?
False
Is 164336 a multiple of 11?
False
Is 105981 a multiple of 91?
False
Is 2158981 a multiple of 11?
True
Does 14 divide 2050426?
True
Is 101 a factor of 65072?
False
Is 656727 a multiple of 79?
True
Does 10 divide 346365?
False
Does 53 divide 73663?
False
Is 2 a factor of 79088?
True
Does 16 divide 9332887?
False
Does 239 divide 84091?
False
Is 9 a factor of 362748?
False
Is 1081 a factor of 872558?
False
Does 708 divide 46042?
False
Is 492 a factor of 198768?
True
Is 18 a factor of 1048104?
True
Does 3 divide 270954?
True
Does 184 divide 272909?
False
Does 7 divide 66871?
True
Is 396102 a multiple of 14?
True
Does 3 divide 2277394?
False
Is 96 a factor of 1213152?
True
Is 5721041 a multiple of 28?
False
Is 77 a factor of 589307?
False
Does 134 divide 356038?
True
Is 107 a factor of 302489?
True
Is 11 a factor of 379423?
True
Does 16 divide 2071140?
False
Is 71122 a multiple of 43?
True
Does 335 divide 32637040?
True
Does 7 divide 9254105?
True
Is 13 a factor of 1702688?
True
Is 10764 a multiple of 299?
True
Is 21 a factor of 1494024?
True
Is 215 a factor of 829685?
True
Does 472 divide 1634536?
True
Is 242850 a multiple of 4?
False
Is 35258 a multiple of 34?
True
Does 15 divide 25570?
False
Is 486314 a multiple of 27?
False
Is 212 a factor of 6384272?
False
Is 2108 a factor of 13014792?
True
Does 10 divide 337890?
True
Is 139 a factor of 3672514?
False
Does 25 divide 2847199?
False
Does 5 divide 2664760?
True
Does 189 divide 428225?
False
Is 75600 a multiple of 378?
True
Does 16 divide 2930?
False
Does 8 divide 1215200?
True
Is 384989 a multiple of 31?
True
Does 147 divide 84546?
False
Does 148 divide 93536?
True
Is 623990 a multiple of 9?
False
Is 2121600 a multiple of 100?
True
Is 3830860 a multiple of 1197?
False
Is 56 a factor of 8507800?
True
Is 1767225 a multiple of 418?
False
Is 6 a factor of 110946?
True
Does 729 divide 8054293?
False
Does 1422 divide 9238734?
True
Is 260463 a multiple of 79?
True
Does 285 divide 1865619?
False
Does 30 divide 65321?
False
Is 64 a factor of 124352?
True
Is 2087397 a multiple of 351?
True
Does 9 divide 98588?
False
Is 19 a factor of 11970?
True
Is 386640 a multiple of 18?
True
Is 15 a factor of 381199?
False
Is 87 a factor of 304146?
False
Is 7 a factor of 101720?
False
Does 56 divide 863944?
False
Is 237 a factor of 126321?
True
Is 77 a factor of 710633?
True
Is 95 a factor of 1288485?
True
Does 89 divide 979534?
True
Is 11 a factor of 706